7 + (-15 - -2).
-10
(0 + -2 - (11 - 6)) + 4
-3
Evaluate (12 - (3 - -12) - (1 - -5)) + 28.
19
6 - (-6 - -1 - -13) - -5
3
14 - -6 - (-1 - -2 - (58 - 47))
30
Evaluate 52 - 26 - 31 - -19.
14
Evaluate (9 - 17 - 13) + 15 + 25.
19
-11 - (-31 + 2) - 33 - (-8 - 0)
-7
What is -4 + 24 + (3 - 14)?
9
What is the value of 11 - (24 - (4 - 2))?
-11
Calculate (-31 - -7) + -2 + 10 - (3 + -2).
-17
Evaluate -15 - (-25 - -14 - (0 + -5)).
-9
What is the value of -9 + 8 + (3 - 12) - -19?
9
Calculate 8 + ((8 - 5) + 1 + -18 - 3).
-9
Evaluate 0 + -10 + 1 + 29 - (-17 - -27).
10
What is 7 + -6 + -10 + 12 + -25?
-22
Calculate 12 + -8 + 2 + 4 + 5 - 3.
12
Evaluate -23 - (-6 - (-5 + (6 - -1))).
-15
What is the value of 4 - (14 + -21 - -3) - (2 + 9)?
-3
What is the value of 2 + (-25 - 1) + (-26 - -13 - -20)?
-17
3 + -4 + -9 + 12 + -1 + -11
-10
What is -5 + 1 + (3 - 2) + (8 - -5)?
10
What is the value of 139 + -127 - (1 - -1 - -1 - 9)?
18
(0 - -1) + (51 - (39 + -4))
17
What is 16 + (-8 - -6) + 4?
18
34 + -28 + -26 + 1
-19
Calculate (21 - 1) + -77 + 70.
13
29 + (-39 - -5) - 12
-17
Evaluate 1 + -25 + -77 + 88.
-13
Evaluate 18 + 9 + (-26 - -22).
23
What is (-1 - 0 - 1) + -29 + (-34 - -72)?
7
What is 3 - 12 - -7 - 2 - 26?
-30
Calculate -15 - (4 - 13) - (-15 - -4).
5
What is the value of -4 + -2 + 2 + -4?
-8
What is the value of 22 + (-10 - 35) + 21?
-2
4 - ((-7 - (-2 + 2)) + 1)
10
Evaluate -24 + (1 - 0) + -7 + 19 + -10.
-21
Evaluate (9 - 8 - 10) + (8 - 0).
-1
What is 0 - -3 - (-56 + 64)?
-5
Evaluate 11 - (8 + 17) - (0 + 1 + 5).
-20
Evaluate (-3 - -3) + -1 - (35 - 34) - -1.
-1
-12 + 24 + -14 - -2
0
What is the value of 22 + -25 - (1 + 1 + -13 - -2)?
6
2 - (1 - -6 - (2 - (-9 - -9)))
-3
What is 47 - 46 - (-3 - (4 + 10))?
18
What is 15 + -26 - 5 - -13?
-3
(6 - -31) + (13 - (2 + 6) - 13)
29
What is the value of (9 - 19) + (9 + 19 - 8)?
10
Evaluate -4 + (18 - (1 - -20)).
-7
Evaluate -44 + 68 - (3 + -5 + 11).
15
What is the value of 44 + -32 + (-2 - ((-3 - -6) + -7))?
14
What is 4 + -10 + (5 - 1 - 8)?
-10
What is 8 + -3 - ((2 - -5) + -16)?
14
What is the value of 0 + (5 - 5) + -14 + 14 + -8?
-8
What is the value of -15 + (-6 - 6 - -19 - (5 - -2))?
-15
Evaluate -2 - -3 - (-11 - 0 - -4) - -8.
16
9 - -4 - (25 + -18)
6
Calculate -55 + 10 - (45 + -67).
-23
What is -2 + 3 + 1 + (-3 - -4) + 0?
3
7 - ((36 - 45) + (1 - -1))
14
Evaluate 31 + -7 + (3 - 7).
20
Calculate -2 + 34 + (218 - 239).
11
2 + -3 + -4 - -2 - (-36 - -49)
-16
Evaluate 1 + -9 - 0 - (-54 + -39 + 77).
8
What is the value of -10 - -4 - -14 - 13?
-5
(40 - (2 - -31)) + 26
33
What is the value of 0 - 10 - (15 + 15 - 23)?
-17
Calculate -49 + 45 - (0 - (1 - 3)).
-6
Evaluate -1 - (-6 + (6 + -7 - -3) + 5).
-2
What is 11 + -22 + -10 - -14?
-7
25 - (15 - (-5 - 20))
-15
Calculate -15 + (-8 - (4 + -13) - -6).
-8
What is the value of -1 + -19 + -2226 + 2217?
-29
Evaluate (1 - (4 + (7 - 7))) + 12.
9
Calculate (7 - 4 - -1) + (-5 - -12) - 2.
9
6 - (9 - (20 + -37))
-20
What is -20 + -4 - (-7 - 0 - (7 - 9))?
-19
0 - (4 - (-4 - -7 - 5))
-6
Evaluate -6 - (9 + -16) - -3.
4
(2 - 0) + (10 - 50 - -53)
15
1 - 24 - (791 - 812)
-2
What is -25 + -40 + 87 + 5?
27
Calculate -22 + (6 - -6) - -6.
-4
Evaluate -13 + 1 + (17 - -4) - 27.
-18
What is the value of -10 - ((9 - 8) + -9) - 11?
-13
Calculate -52 + -19 + 72 + (-1 - 19).
-19
What is (-2 - 2) + (6 + -12 - 16)?
-26
Calculate 19 - ((-7 - 10) + 22).
14
Calculate -1 + 2 + -5 - (-1 - 16).
13
What is the value of (-2 - (3 + -7 - 3)) + 4 + -25?
-16
What is -10 + 13 + (-6 - 9 - 7)?
-19
What is the value of -1 + 6 + (-5 - 6) + 8 - -14?
16
Evaluate (-45 - (-47 - -14) - (-2 - -5)) + -12.
-27
What is the value of 21 - 6 - ((5 - 1) + -18 + 16)?
13
Evaluate (-8 - -5) + (-1 - -1) + 16.
13
What is 0 + -24 + (98 - 105) + (10 - -2)?
-19
31 - (35 - (20 - 3))
13
Evaluate (0 - -3) + (-8 + -20 - -15).
-10
What is the value of (1 - -11) + -29 - -20?
3
Evaluate -60 + 79 + (-36 - -6).
-11
Evaluate -1 + 16 + (-24 - 7).
-16
Calculate -1 - 5 - (1 + 6 + -132 + 103).
16
20 - 23 - -11 - (8 - 1) - -15
16
Evaluate 9 - (-6 - (5 + -9 + (1 - -1))).
13
What is the value of -6 - (-7 - -20 - 16 - 19)?
16
What is (0 - 1) + 1 - ((10 - 21) + 10)?
1
What is 1 - (9 + -5 + 16 + 19)?
-38
Evaluate 9 + (-1 + 10 - (-21 - -31)) + 4.
12
What is 1 + -5 + 15 + (-18 - 8)?
-15
What is 1 + 6 + -35 + 21 + -3 + -6?
-16
63 - (10 - -2 - -22)
29
Calculate 7 + (8 - 24) - 7 - -7.
-9
Evaluate (2 - 15) + -2 + 8.
-7
Evaluate 2 - 14 - (19 + 6 + -15).
-22
-3 + 8 - (-38 - -37) - 3
3
(3 + -8 - -11) + -11 + 24 + -11
8
Evaluate (1 - 2) + (-13 + -10 + 14 - -9).
-1
What is the value of (-25 - 23) + 34 + -2 + -9?
-25
Evaluate -5 - 1 - (167 + -168).
-5
Calculate 9 + -29 + 6 - -2 - -2.
-10
What is (-6 - (3 + -1)) + (66 - 61) - 16?
-19
What is 4 + -1 + (22 - 30) - (4 + -27)?
18
1 + -33 - (-54 - -47)
-25
What is (-26 - (-16 + 17)) + (-2 - -8)?
-21
Evaluate 30 - (0 - (-54 - -22)).
-2
78 + -92 - (-3 - 2)
-9
What is (-2 - (3 + -19)) + -29?
-15
13 - (-26 - -27 - (4 - 2 - -2))
16
Calculate -12 - 1 - -12 - (-2 - -5).
-4
Evaluate -5 - (7 - -7) - -6.
-13
Evaluate -42 + 61 + (-19 - 19).
-19
Calculate (-41 - -14 - -25) + (15 - (-1 - -2)).
12
What is 17 + -25 + 14 - (2 - (7 - -1))?
12
(-28 - -6 - -3 - -8) + -2
-13
What is -3 - (-22 - -7) - 16?
-4
What is the value of -29 + -10 + -9 + 38?
-10
Calculate -8 + (-96 - -86 - (1 + -2)).
-17
Evaluate 98 + -96 + -3 + 2 + 7.
8
What is 1 - 3 - (18 + -24) - -4 - 29?
-21
What is 0 + (-7 - (0 + 3 + -16))?
6
(1 - 0 - (-16 + 31 + -15)) + -10
-9
Calculate 8 - (4 + 0 + -13).
17
Calculate (10 - (6 - 9)) + (-1 - (-7 + 6)).
13
(75 - 80) + -2 + 1 + -10 + -1
-17
Calculate (-12 - -11) + (-6 + 13 - -3) + -7.
2
What is the value of (-13 - (-15 - 1)) + -9?
-6
Evaluate -6 + (-5 - ((-1 - 17 - 4) + 6)).
5
What is (3 - 42) + 19 - -21?
1
2 + (-24 - -23) + 30
31
(-16 - (3 - 9)) + 6 + -2
-6
What is the value of 3 - 0 - (-112 - -105)?
10
What is (9 + -3 + -5 + -2 - 4) + 10?
5
What is the value of 15 - (10 + -36 + (7 - 3))?
37
What is the value of -5 - (13 + -9) - -18?
9
Calculate 0 + -14 + (22 - 13) - 1 - -34.
28
Calculate 9 - (4 - 9) - 2.
12
What is -6 + (-13 + 15 - -4 - 11)?
-11
10 + (-22 - -7) + (-5 - -3)
-7
Evaluate (-16 - (-44 - -23)) + 0 + 3.
8
(-1 - 0 - 3 - -2) + 1 + 2
1
What is the value of -30 + -1 + -4 + (-11 - (-9 + -14))?
-23
-10 + (2 - -4) + 0 + 0
-4
4 - -1 - (33 - 95 - -84)
-17
(-642 - -642 - (1 + -2 - 4)) + -1
4
-45 - -49 - (0 - (2 + 0 + -2))
4
Calculate 7 + (13 - 11) + -11 + -6 + 1.
-7
Calculate (-7 - 9) + (11 - (9 - (-1 + 5))).
-10
Evaluate 11 - (-15 - -5) - 3.
18
Evaluate (-1 - -9) + (828 - 862).
-26
What is the value of 0 + (1 - (3 + -1)) + -116 + 123?
6
Calculate -225 + 212 + (-2 - 2 - -14).
-3
What is 10 - (5 + (16 - 17) + -2 + -2)?
10
What is the value of 18 + -28 + 13 + 12 + 1 - 6?
10
Calculate -12 - 2 - (-10 + 6).
-10
Evaluate -26 + (13 - (0 + 11)) + 2.
-22
What is the value of 5 + (0 - -7) + (-22 - -2)?
-8
Evaluate (-41 + 19 + 3 - (-1 - 7)) + -22.
-33
Evaluate (1 - 3) + (0 - 9) + 0 + 3.
-8
(-4 - -8) + -31 + 31
4
What is -35 - -20 - (-2 + (-2 - -2))?
-13
2 + -7 - (30 + -23)
-12
Calculate 21 + (-1 - (-14 + 8 + -8 + 4)).
30
What is the value of 6 - ((3 - 4) + 2) - -2?
7
1 - 1 - (59 + -143 + 72)
12
-1 - -8 - (-4 + 9)
2
Evaluate (-5 - (-5 - (-8 + 3) - -1)) + -23.
-29
What is the value of -34 - (13 - 17) - (-1 - -2)?
-31
What is the value of -12 + (-29 - -33) + (0 - 1) + 6?
-3
9 + 11 + -10 - (-7 + 1 + -2)
18
(0 - -7) + -8 + 14 + -5 + 0
8
Calculate 10 - (59 + -7 - 4).
-38
Evaluate 88 + -73 - (2 + 9).
4
-12 - -21 - -7 - 7
9
2 + (31 + -7 + -3 - 2)
21
Evaluate (10 - (32 + -18)) + -13.
-17
-14 - ((1 - 25) + 3)
7
What is 5 - (-1 - 12 - -21)?
-3
What is 0 + (-6 - -10) + (8 - 7) + -6?
-1
-4 + -1 - -9 - (27 + -12)
-11
-1 + 17 - (88 - 78) - 7
-1
What is 12 + -1 - (18 + (-28 - -15))?
6
Calculate 2 + -1 + -3 + 6 - (41 + -39).
2
What is the value of -9 + -2 + (-106 - -118)?
1
Evaluate 3 + -8 + 1 + (33 + -2 - 5).
22
Calculate (9 + -12 - 9) + 3.
-9
What is 9 - 0 - (14 - (-19 + -1)) - -3?
-22
-8 - (-15 + -1 - (7 - (6 + 9)))
0
What is the value of 2 - -33 - 25 - (35 - -2)?
-27
What is -18 + (-8 - (-14 - -2))?
-14
Calculate -127 - -113 - (0 - 6).
-8
What is the value of (525 - 535) + 13 + (4 - 1)?
6
What is the value of -3 - (9 + -5 + 3 + 4) - -3?
-11
Calculate 0 + -5 + (62 -